4*q + t*o - 324, o = -3. Let c = 140 + q. What are the prime factors of c?
2, 7
Let r be (4/(-1) - 0) + 286/11. Let d = -16 + r. Suppose m = 85 + d. What are the prime factors of m?
7, 13
Suppose 2*g = 4*i - 19518 - 73316, 2*i - 4*g - 46432 = 0. List the prime factors of i.
2, 41, 283
Let u be (3/1)/((-9)/(-6)). Let b be u/5 - (-493)/5. What are the prime factors of (b/(-6))/(12/(-40))?
5, 11
Let o(a) = -7*a**2 + 49*a - 289. Let r(z) = -4*z**2 + 24*z - 144. Let y(p) = -3*o(p) + 5*r(p). List the prime factors of y(5).
37
Suppose 0 = -29*p + 52 + 93. Let u(z) = -17*z**3 - 2*z**2 + z - 2. Let q be u(-2). Suppose -p*j + 36 = -q. What are the prime factors of j?
2
Let f(o) = -o**2 + 2*o - 1. Let w be f(-5). Let t = 0 - w. Suppose 12 = -4*z + t. What are the prime factors of z?
2, 3
Let k(j) = 280*j**2 + 119*j - 41. What are the prime factors of k(9)?
2, 5, 2371
Let c = 11103 + -10334. List the prime factors of c.
769
Suppose -5*h + 2*h - 3*m = 0, -h - 12 = 4*m. Suppose -3*j + 2*j - 3*x = -63, -h*x = -4*j + 204. Suppose -2*c + j + 28 = 0. List the prime factors of c.
41
Suppose 6*o + 2295 = 23*o. What are the prime factors of 81/o + 4342/5?
11, 79
Suppose h - 3992 = 3*p, -6*h + 3*h = -4*p - 11961. Suppose 21*v - h = 17815. What are the prime factors of v?
2, 3, 173
Suppose 5*v - 10 = 10. Let u(y) = 4*y**2 - 4*y - 1. Let m be u(v). Let b = m + -8. What are the prime factors of b?
3, 13
Let v = 61039 - 35577. List the prime factors of v.
2, 29, 439
Let a = 4900 - 2776. Suppose 15*g = 21*g - a. What are the prime factors of g?
2, 3, 59
Suppose -6*g + 2*a + 2462 = -3*g, -2*g + 1635 = 5*a. Suppose -g = -6*i + 2*i. Suppose 9*u = 4*u + i. List the prime factors of u.
41
List the prime factors of ((-753815)/(-10) - 60/(-6)) + (-2)/(-4).
2, 19, 31
Suppose -2*o + 0*o = -8, 0 = -2*f - 5*o + 24. Suppose 10 = 2*q + 2*g, q - 7 = -f*q - g. What are the prime factors of 0 + (11 - 10)/(q/105)?
3, 5, 7
Suppose -5*a = 4*u + 1849, -5*u - 2290 = 2*a - 0*a. Let z = 652 + u. Let x = z - 108. List the prime factors of x.
2, 11
Let b(q) = q**3 + 65*q**2 - 45*q - 35. List the prime factors of b(-23).
2, 13, 19, 47
Let w = -6975 - -7904. What are the prime factors of w?
929
Suppose -18 = -27*v + 30*v. What are the prime factors of (272/v)/(18/(-135))?
2, 5, 17
Let d = -200 - -186. What are the prime factors of (-16656)/(-14) + d/(-49)?
2, 5, 7, 17
Let q(j) = j**3 + 4*j**2 + 5*j + 6. Let c be q(-3). Suppose c*f + 3*f = 5*h - 13, 2*h = 2*f + 6. What are the prime factors of 88 + (f + 1)*7/(-14)?
2, 11
Suppose -h + 9 = -5*z, -11*h + 10*h = z + 3. What are the prime factors of 5/(70/(-28))*587/z?
587
Let d(s) = -12*s + 49 - 23*s**3 + 3*s + 15*s**2 + 40*s**3 - 16*s**3. What are the prime factors of d(-15)?
2, 23
Suppose -62 - 38 = -4*g. Let y = g + 884. List the prime factors of y.
3, 101
Let x(k) = 41*k + 1223. List the prime factors of x(10).
23, 71
Let x = -8271 + 15770. What are the prime factors of x?
7499
Let z(y) = -2*y - 2. Let i be z(-2). Suppose -3*p - i*p = -75. Suppose 2*w = -4, 3*f + w = 268 - p. What are the prime factors of f?
5, 17
Let h = -240 - -354. Let m = h - -26. What are the prime factors of m?
2, 5, 7
Let f = 22083 + -12431. What are the prime factors of f?
2, 19, 127
Let v(d) = -d**3 - 14*d**2 - 28*d - 20. Let u(f) = -13*f**2 - 2*f - 2. Let s be u(-1). List the prime factors of v(s).
5, 7
Suppose 4*q = 5*s - 108 - 1, -5*q = -5*s + 140. Let j = q + -80. Let a = j + 175. What are the prime factors of a?
2
Suppose -4046 = -h - 5*f, 5*f = 5*h - 23045 + 2785. What are the prime factors of h?
4051
Let h = -2408 + 7622. What are the prime factors of h?
2, 3, 11, 79
Suppose -3*m + 37 = -5*r + 104, 99 = -5*m + 2*r. What are the prime factors of (m + -238)*(-1 - 2)?
3, 257
What are the prime factors of (-4)/3 - (6/12)/(81/(-2225286))?
5, 41, 67
Let i(k) = -4*k - 122. Let a be i(-31). Suppose -4*t + a*s + 992 = 0, -4*s + 98 + 388 = 2*t. What are the prime factors of t?
13, 19
Let m(o) = 4*o**2 - 175*o + 141. What are the prime factors of m(60)?
3, 449
Suppose 5*y - 119180 = 11*g - 15*g, g = -7*y + 29772. What are the prime factors of g?
2, 5, 149
Let s be -12 - -10 - (35 + 0). Let w = s + 41. Suppose 625 = y + w*y. List the prime factors of y.
5
Suppose -4 = -4*h + 8. Suppose 2*t - h = -11. What are the prime factors of 606*(t/1)/(-12)?
2, 101
Suppose -3*b + 1 + 110 = 0. Suppose n - w = -b, 0*w + 5*w - 65 = 2*n. Let a = 33 - n. What are the prime factors of a?
73
Suppose -3*h - 814 = -7087. List the prime factors of h.
3, 17, 41
Let s(b) = 3*b + 3. Let f be s(-2). Let p be (-200)/(-30)*1/((-2)/f). List the prime factors of 150 + ((-30)/25)/((-4)/p).
3, 17
Let t(h) = 318*h - 35*h - 3 - 99 + 8. List the prime factors of t(5).
1321
Suppose 5 = 6*s - 31. Let m be (s/4)/(3/(-6)). List the prime factors of (141 - 7) + (-4)/(4/m).
137
Let o(y) = y + 13. Suppose -a = 8 + 2. Let c be o(a). Suppose -4*f - g + 14 = 0, c*f - 2*f - 7 = -2*g. List the prime factors of f.
3
Let w(l) = 164*l**2 - 385*l - 54. What are the prime factors of w(24)?
2, 3, 5, 17, 167
Let y(z) = z**3 + 15*z**2 - z - 11. Let f be y(-15). Suppose -f*i + 5*v = -483, 0*i - 132 = -i - v. List the prime factors of i.
127
Suppose 45*w = 255*w - 1663200. What are the prime factors of w?
2, 3, 5, 11
Let k(t) = 4*t**3 - t**2 - t + 2. Let s be k(2). Suppose -50 = -6*h + s. List the prime factors of h.
13
Suppose -3*b - 2*k + 9406 = 0, k + 284 = b - 2853. Suppose 0 = -4*g - 3*i + b, 16*g - 13*g - 2365 = i. List the prime factors of g.
787
Let o = -1180 + 4297. What are the prime factors of o?
3, 1039
Suppose 0 = -754*h + 673*h + 677727. List the prime factors of h.
3, 2789
Suppose v = -140 - 0. Let u = 365 + v. What are the prime factors of u?
3, 5
Let l = 109 - -353. Suppose -2*c - 2*w + 7*w + l = 0, -c + 228 = -w. List the prime factors of c.
2, 113
Suppose 0 = -g - 2*g - 3*u + 117789, 0 = 3*u - 18. What are the prime factors of g?
37, 1061
Suppose 5*y - 58 = -28. Let m(i) = -3*i + 49. What are the prime factors of m(y)?
31
Let b(g) = -g**3 + 21*g**2 - 14*g - 79. Let d be b(20). List the prime factors of d + 10 + (-7)/(-1).
2, 29
Suppose 3*j - c + 25 = 4*c, 2*c = -j + 10. Suppose j = -4*d - 0*d + 12. What are the prime factors of (1/(d/(-354)))/(-2)?
59
Let w(i) = i**3 - 10*i**2 + 16*i - 20. Let j be 6/((-6)/(-20)*2/3). Suppose j*y + 70 = 37*y. What are the prime factors of w(y)?
2, 5, 7
Let w(m) be the first derivative of 5*m**3/3 + 10*m**2 + 12. Let c be w(-14). Suppose -14*n + 10*n + c = 0. List the prime factors of n.
5, 7
Suppose 0 = 2*z + 4*x - 37570, 57*z - 52*z - 2*x = 93889. What are the prime factors of z?
89, 211
Suppose -11 = 2*b + 13. Let r(d) = d**3 + 10*d**2 - 16*d. Let f be r(b). Let s = f + 139. List the prime factors of s.
43
List the prime factors of 20/320 - ((-1029069)/48 - 0).
11, 1949
Let b(a) = -a**3 - 14*a**2 - 4. Let h be b(-14). Let f(s) = s**3 + 5*s**2 + 4*s + 1. Let l be f(h). List the prime factors of 1/2*-10*(-1)/l.
5
Suppose 0 = 230*a - 193*a - 91094. List the prime factors of a.
2, 1231
Let o = 28405 + -40105. List the prime factors of o/(-34) - (-40)/(-340).
2, 43
Suppose 0 = -26*c + 31*c + 55. Let f(i) = -i**3 - 10*i**2 + 9*i - 13. Let v be f(c). Let g = 21 + v. List the prime factors of g.
2, 3, 5
Let f(h) = -2*h**2 - 5*h + 12. Let v be f(-4). Suppose 154*c - 157*c + 1860 = v. What are the prime factors of c?
2, 5, 31
Let g = -14928 - -21699. List the prime factors of g.
3, 37, 61
Let b(g) = 21 + 0*g - 28*g - 2*g**2 + 12*g - 40*g. List the prime factors of b(-19).
3, 11
Suppose 4*f + 3 = 2*h - 5, -4*h - 4*f = 8. Let d(k) be the first derivative of k**3/3 - k**2 + 132*k + 16. What are the prime factors of d(h)?
2, 3, 11
Suppose 10345 = 5*p + o, -154*p - 2*o - 6220 = -157*p. List the prime factors of p.
2, 3, 5, 23
Let r = -9 + 69. Let l = 62 - r. Suppose 8 = 5*o + 2*q - 2, l*q + 8 = 4*o. What are the prime factors of o?
2
Let u = -8 + 12. Let s = u - 10. Let o = 36 + s. List the prime factors of o.
2, 3, 5
Let i be (-9)/2*36/(-27). Suppose -2*w + i = 2*n, 3 - 6 = -w - 3*n. Suppose k + 468 = -0*j + 3*j, -766 = -5*j - w*k. List the prime factors of j.
5, 31
Suppose 8*y - 14 = y. List the prime factors of (-163)/3*(-2)/(y/21).
7, 163
Let p(h) be the second derivative of h**4/12 +